{"id":37148,"date":"2020-07-27T10:54:28","date_gmt":"2020-07-27T13:54:28","guid":{"rendered":"https:\/\/liriacutelaria.com.br\/?post_type=product&#038;p=37148"},"modified":"2021-08-03T11:05:33","modified_gmt":"2021-08-03T14:05:33","slug":"panela-em-pedra-sabao-media","status":"publish","type":"product","link":"https:\/\/liriacutelaria.com.br\/?product=panela-em-pedra-sabao-media","title":{"rendered":"Panela Em Pedra Sab\u00e3o M\u00e9dia 1,5 litros"},"content":{"rendered":"<div class=\"product-title\">\n<div class=\"product-title\">\n<h2>As panelas de pedr\u00e3o s\u00e3o dur\u00e1veis e decorativas, levando mais charme e sabor para sua cozinha. Por se tratar de um material refrat\u00e1rio, as panelas propagam o calor igualmente,por toda sua superf\u00edcie. Al\u00e9m disso, depois de aquecida, mantem a temperatura por muito tempo,mantendo os alimentos quentes \u00e0 mesa. A pedra sab\u00e3o \u00e9 naturalmente antiaderente, o que impede que os alimentos grudem ou se queimem com facilidade. A pedra tamb\u00e9m n\u00e3o ret\u00e9m cheiros.<\/h2>\n<h2><\/h2>\n<\/div>\n<h3><span style=\"font-size: 14px; font-weight: normal;\">.<\/span><\/h3>\n<\/div>\n","protected":false},"excerpt":{"rendered":"<h2>Panela Em Pedra Sab\u00e3o M\u00e9dia 1,5 litros<\/h2>\n","protected":false},"featured_media":37147,"comment_status":"closed","ping_status":"closed","template":"","meta":[],"_links":{"self":[{"href":"https:\/\/liriacutelaria.com.br\/index.php?rest_route=\/wp\/v2\/product\/37148"}],"collection":[{"href":"https:\/\/liriacutelaria.com.br\/index.php?rest_route=\/wp\/v2\/product"}],"about":[{"href":"https:\/\/liriacutelaria.com.br\/index.php?rest_route=\/wp\/v2\/types\/product"}],"replies":[{"embeddable":true,"href":"https:\/\/liriacutelaria.com.br\/index.php?rest_route=%2Fwp%2Fv2%2Fcomments&post=37148"}],"wp:featuredmedia":[{"embeddable":true,"href":"https:\/\/liriacutelaria.com.br\/index.php?rest_route=\/wp\/v2\/media\/37147"}],"wp:attachment":[{"href":"https:\/\/liriacutelaria.com.br\/index.php?rest_route=%2Fwp%2Fv2%2Fmedia&parent=37148"}],"curies":[{"name":"wp","href":"https:\/\/api.w.org\/{rel}","templated":true}]}}