{"id":37134,"date":"2020-07-24T15:26:07","date_gmt":"2020-07-24T18:26:07","guid":{"rendered":"https:\/\/liriacutelaria.com.br\/?post_type=product&#038;p=37134"},"modified":"2023-07-07T22:27:28","modified_gmt":"2023-07-08T01:27:28","slug":"forma-para-pizza-em-pedra-sabao-c-alca-cobre-29cm","status":"publish","type":"product","link":"https:\/\/liriacutelaria.com.br\/?product=forma-para-pizza-em-pedra-sabao-c-alca-cobre-29cm","title":{"rendered":"Forma para Pizza em Pedra Sab\u00e3o c \/ Al\u00e7a Cobre 36cm"},"content":{"rendered":"<div class=\"product-title\">\n<div class=\"product-title\">\u00a0Surpreenda sua fam\u00edlia e amigos servindo uma saborosa pizza nesta forma de pedra com al\u00e7as em cobre.\u00a0 Al\u00e9m de serem lindas e de longa durabilidade, as pe\u00e7as n\u00e3o possuem cheiro, n\u00e3o alteram o sabor dos alimentos, ret\u00e9m o calor por longo per\u00edodo, suportam altas temperaturas e s\u00e3o de f\u00e1cil limpeza.<\/div>\n<div class=\"product-caract\">\n<p>Aten\u00e7\u00e3o, as formas de pizza em pedra devem passar por um processo de cura antes de serem utilizadas<\/p>\n<\/div>\n<h3><span style=\"font-size: 14px; font-weight: normal;\">.<\/span><\/h3>\n<\/div>\n","protected":false},"excerpt":{"rendered":"<h1 class=\"name\">Forma para Pizza em Pedra Sab\u00e3o S\u00e3o Jos\u00e9 c \/ Al\u00e7a Cobre 36cm<\/h1>\n","protected":false},"featured_media":37135,"comment_status":"closed","ping_status":"closed","template":"","meta":[],"_links":{"self":[{"href":"https:\/\/liriacutelaria.com.br\/index.php?rest_route=\/wp\/v2\/product\/37134"}],"collection":[{"href":"https:\/\/liriacutelaria.com.br\/index.php?rest_route=\/wp\/v2\/product"}],"about":[{"href":"https:\/\/liriacutelaria.com.br\/index.php?rest_route=\/wp\/v2\/types\/product"}],"replies":[{"embeddable":true,"href":"https:\/\/liriacutelaria.com.br\/index.php?rest_route=%2Fwp%2Fv2%2Fcomments&post=37134"}],"wp:featuredmedia":[{"embeddable":true,"href":"https:\/\/liriacutelaria.com.br\/index.php?rest_route=\/wp\/v2\/media\/37135"}],"wp:attachment":[{"href":"https:\/\/liriacutelaria.com.br\/index.php?rest_route=%2Fwp%2Fv2%2Fmedia&parent=37134"}],"curies":[{"name":"wp","href":"https:\/\/api.w.org\/{rel}","templated":true}]}}