{"id":37095,"date":"2020-07-23T14:26:47","date_gmt":"2020-07-23T17:26:47","guid":{"rendered":"https:\/\/liriacutelaria.com.br\/?post_type=product&#038;p=37095"},"modified":"2022-02-14T11:16:40","modified_gmt":"2022-02-14T14:16:40","slug":"tesoura-inox-tecelao-mundial","status":"publish","type":"product","link":"https:\/\/liriacutelaria.com.br\/?product=tesoura-inox-tecelao-mundial","title":{"rendered":"Tesoura Inox Tecel\u00e3o &#8211; Mundial"},"content":{"rendered":"<h4>Tesoura Inox Tecel\u00e3o &#8211; Mundial<\/h4>\n<h4>\n<p>Reconhecida mundialmente, a linha Ponto Vermelho tem diversos modelos de tesouras para uso profissional, dom\u00e9stico e escolar. Com f\u00e1cil manuseio e muito confort\u00e1veis, possuem excepcional resist\u00eancia e durabilidade. Os cabos anat\u00f4micos se encaixam perfeitamente nas m\u00e3os.<\/h4>\n","protected":false},"excerpt":{"rendered":"<h4>Tesoura Inox Tecel\u00e3o &#8211; Mundial<\/h4>\n","protected":false},"featured_media":37096,"comment_status":"closed","ping_status":"closed","template":"","meta":[],"_links":{"self":[{"href":"https:\/\/liriacutelaria.com.br\/index.php?rest_route=\/wp\/v2\/product\/37095"}],"collection":[{"href":"https:\/\/liriacutelaria.com.br\/index.php?rest_route=\/wp\/v2\/product"}],"about":[{"href":"https:\/\/liriacutelaria.com.br\/index.php?rest_route=\/wp\/v2\/types\/product"}],"replies":[{"embeddable":true,"href":"https:\/\/liriacutelaria.com.br\/index.php?rest_route=%2Fwp%2Fv2%2Fcomments&post=37095"}],"wp:featuredmedia":[{"embeddable":true,"href":"https:\/\/liriacutelaria.com.br\/index.php?rest_route=\/wp\/v2\/media\/37096"}],"wp:attachment":[{"href":"https:\/\/liriacutelaria.com.br\/index.php?rest_route=%2Fwp%2Fv2%2Fmedia&parent=37095"}],"curies":[{"name":"wp","href":"https:\/\/api.w.org\/{rel}","templated":true}]}}