{"id":27536,"date":"2016-09-11T14:05:59","date_gmt":"2016-09-11T17:05:59","guid":{"rendered":"http:\/\/the7.dream-demo.com\/product\/high-space-sneakers\/"},"modified":"2022-08-22T10:25:32","modified_gmt":"2022-08-22T13:25:32","slug":"high-space-sneakers","status":"publish","type":"product","link":"https:\/\/liriacutelaria.com.br\/?product=high-space-sneakers","title":{"rendered":"Panela de Barro N\u00b0 0 Capacidade 1.0 litro"},"content":{"rendered":"<h1>Panela de Barro N\u00b0 0 CAP 1.0L<\/h1>\n<p>&nbsp;<\/p>\n<p>Panela de Barro feita em argila em forno de alta temperatura.<\/p>\n<p>Panela de Barro Capixaba &#8211;\u00a0 Guarapari Esprito Santo<\/p>\n<p>Ideal para o cozimento de moquecas, feijoada, arroz e outros alimentos.<\/p>\n<p><strong>Cuidados:<\/strong><\/p>\n<p>&#8211; Pode ser levado ao fog\u00e3o e forno a g\u00e1s?- Sim<\/p>\n<p>&#8211; Pode ser levada ao fog\u00e3o e forno a lenha?- Sim<\/p>\n<p>&#8211; Pode ser levada \u00e0 m\u00e1quina de lava-lou\u00e7as?- N\u00e3o<\/p>\n<p>&#8211; Pode ser levada ao microondas?- N\u00e3o<\/p>\n<p>N\u00e3o acompanha Suporte (*Suporte Vendido separadamente)<\/p>\n","protected":false},"excerpt":{"rendered":"<h1>Panela de Barro N\u00b0 0 CAP 1.0 litro<\/h1>\n","protected":false},"featured_media":37013,"comment_status":"closed","ping_status":"closed","template":"","meta":[],"_links":{"self":[{"href":"https:\/\/liriacutelaria.com.br\/index.php?rest_route=\/wp\/v2\/product\/27536"}],"collection":[{"href":"https:\/\/liriacutelaria.com.br\/index.php?rest_route=\/wp\/v2\/product"}],"about":[{"href":"https:\/\/liriacutelaria.com.br\/index.php?rest_route=\/wp\/v2\/types\/product"}],"replies":[{"embeddable":true,"href":"https:\/\/liriacutelaria.com.br\/index.php?rest_route=%2Fwp%2Fv2%2Fcomments&post=27536"}],"wp:featuredmedia":[{"embeddable":true,"href":"https:\/\/liriacutelaria.com.br\/index.php?rest_route=\/wp\/v2\/media\/37013"}],"wp:attachment":[{"href":"https:\/\/liriacutelaria.com.br\/index.php?rest_route=%2Fwp%2Fv2%2Fmedia&parent=27536"}],"curies":[{"name":"wp","href":"https:\/\/api.w.org\/{rel}","templated":true}]}}