{"id":33277,"date":"2014-11-16T11:43:36","date_gmt":"2014-11-16T14:43:36","guid":{"rendered":"http:\/\/the7.dream-demo.com\/?page_id=33277"},"modified":"2020-08-13T06:56:13","modified_gmt":"2020-08-13T09:56:13","slug":"prazo-de-entrega","status":"publish","type":"page","link":"https:\/\/liriacutelaria.com.br\/?page_id=33277","title":{"rendered":"Prazos de Entrega"},"content":{"rendered":"<p>[vc_row type=&#8221;vc_default&#8221; margin_top=&#8221;0&#8243; margin_bottom=&#8221;-50&#8243; css=&#8221;.vc_custom_1491990393354{padding-top: 60px !important;padding-bottom: 20px !important;}&#8221;][vc_column width=&#8221;2\/3&#8243; offset=&#8221;vc_col-lg-6 vc_col-md-6 vc_col-xs-12&#8243; css=&#8221;.vc_custom_1491990396866{padding-bottom: 50px !important;}&#8221;]<div id=\"ultimate-heading-192069ee6cd8a1fdd\" class=\"uvc-heading ult-adjust-bottom-margin ultimate-heading-192069ee6cd8a1fdd uvc-7722 \" data-hspacer=\"line_with_icon\" data-hline_width=\"230\" data-hicon_type=\"selector\" data-hborder_style=\"solid\" data-hborder_height=\"2\" data-hborder_color=\"rgba(204,204,204,0.85)\" data-icon_width=\"14\" data-hfixer=\"10\"  data-halign=\"center\" style=\"text-align:center\"><div class=\"uvc-main-heading ult-responsive\"  data-ultimate-target='.uvc-heading.ultimate-heading-192069ee6cd8a1fdd h2'  data-responsive-json-new='{\"font-size\":\"desktop:20px;\",\"line-height\":\"desktop:30px;\"}' ><h2 style=\"font-weight:bold;\">PRAZOS DE ENTREGA PARA SUA REGI\u00c3O<\/h2><\/div><div class=\"uvc-heading-spacer line_with_icon\" style=\"margin-bottom:40px;height:14px;\"><div class=\"ult-just-icon-wrapper  \"><div class=\"align-icon\" style=\"text-align:center;\">\n<div class=\"aio-icon none \"  style=\"color:#cccccc;font-size:14px;display:inline-block;\">\n\t<i class=\"icomoon-font-awesome-14x14-star\"><\/i>\n<\/div><\/div><\/div><\/div><\/div>[vc_column_text]<\/p>\n<h1 class=\"t_1\"><\/h1>\n<table border=\"0\" width=\"100%\" cellspacing=\"0\" cellpadding=\"0\">\n<tbody>\n<tr>\n<td align=\"left\" valign=\"top\" width=\"50%\"><b>Regi\u00e3o Sudeste (ES,MG,RJ,SP)<\/b><br \/>\nCapitais: m\u00e9dia de 5 dias \u00fateis.<br \/>\nOutras localidades: de 5 a 9 dias \u00fateis.<\/td>\n<td align=\"left\" valign=\"top\"><b>Regi\u00e3o Sul (PR,SC,RS)<\/b><br \/>\nCapitais: m\u00e9dia de 5 dias \u00fateis.<br \/>\nOutras localidades: de 5 a 9 dias \u00fateis.<\/td>\n<\/tr>\n<tr>\n<td align=\"left\" valign=\"top\"><b>Regi\u00e3o Centro-Oeste (DF,GO,MS,MT)<\/b><br \/>\nCapitais: m\u00e9dia de 7 dias \u00fateis.<br \/>\nOutras localidades: de 7 a 14 dias \u00fateis.<\/td>\n<td align=\"left\" valign=\"top\"><b>Regi\u00e3o Nordeste (AL,BA,CE,MA,PB,PE,PI,RN,SE)<\/b><br \/>\nCapitais: m\u00e9dia de 8 dias \u00fateis.<br \/>\nOutras localidades: de 8 a 15 dias \u00fateis.<\/td>\n<\/tr>\n<tr>\n<td align=\"left\" valign=\"top\"><b>Regi\u00e3o Norte (AC,AM,AP,PA,RO,RR,TO)<\/b><br \/>\nCapitais: m\u00e9dia de 8 dias \u00fateis.<br \/>\nOutras localidades: de 10 a 25 dias \u00fateis.<\/td>\n<td align=\"left\" valign=\"top\"><\/td>\n<\/tr>\n<\/tbody>\n<\/table>\n<p>[\/vc_column_text][\/vc_column][vc_column width=&#8221;1\/3&#8243; offset=&#8221;vc_col-lg-6 vc_col-md-6 vc_col-xs-12&#8243; css=&#8221;.vc_custom_1491744105105{padding-bottom: 50px !important;}&#8221;]<div id=\"ultimate-heading-56469ee6cd8a2042\" class=\"uvc-heading ult-adjust-bottom-margin ultimate-heading-56469ee6cd8a2042 uvc-8949 \" data-hspacer=\"line_with_icon\" data-hline_width=\"230\" data-hicon_type=\"selector\" data-hborder_style=\"solid\" data-hborder_height=\"2\" data-hborder_color=\"rgba(204,204,204,0.85)\" data-icon_width=\"14\" data-hfixer=\"10\"  data-halign=\"center\" style=\"text-align:center\"><div class=\"uvc-main-heading ult-responsive\"  data-ultimate-target='.uvc-heading.ultimate-heading-56469ee6cd8a2042 h2'  data-responsive-json-new='{\"font-size\":\"desktop:20px;\",\"line-height\":\"desktop:30px;\"}' ><h2 style=\"font-weight:bold;\">FICOU COM ALGUMA D\u00daVIDA?<\/h2><\/div><div class=\"uvc-heading-spacer line_with_icon\" style=\"margin-bottom:40px;height:14px;\"><div class=\"ult-just-icon-wrapper  \"><div class=\"align-icon\" style=\"text-align:center;\">\n<div class=\"aio-icon none \"  style=\"color:#cccccc;font-size:14px;display:inline-block;\">\n\t<i class=\"icomoon-font-awesome-14x14-star\"><\/i>\n<\/div><\/div><\/div><\/div><\/div>[vc_column_text]Entre em contato conosco![\/vc_column_text]<form class=\"dt-contact-form dt-form\" method=\"post\"><input type=\"hidden\" name=\"widget_id\" value=\"presscore-contact-form-widget--1\" \/><input type=\"hidden\" name=\"send_message\" value=\"\" \/><input type=\"hidden\" name=\"security_token\" value=\"b1d31ac5c343e73b46ab\"\/><div class=\"form-fields\"><span class=\"form-name\"><label class=\"assistive-text\">Nome *<\/label><input type=\"text\" class=\"validate[required]\" placeholder=\"Nome *\" name=\"name\" value=\"\" aria-required=\"true\">\n<\/span><span class=\"form-mail\"><label class=\"assistive-text\">E-mail *<\/label><input type=\"text\" class=\"validate[required,custom[email]]\" placeholder=\"E-mail *\" name=\"email\" value=\"\" aria-required=\"true\">\n<\/span><\/div><span class=\"form-message\"><label class=\"assistive-text\">Mensagem *<\/label><textarea class=\"validate[required]\" placeholder=\"Mensagem *\" name=\"message\" rows=\"5\" aria-required=\"true\"><\/textarea>\n<\/span><p><a href=\"#\" class=\"dt-btn dt-btn-m dt-btn-submit\" rel=\"nofollow\"><span>Enviar D\u00favida<\/span><\/a><input class=\"assistive-text\" type=\"submit\" value=\"enviar\"><\/p><\/form>\n[\/vc_column][\/vc_row][vc_row][vc_column][\/vc_column][\/vc_row]<\/p>\n","protected":false},"excerpt":{"rendered":"<p>[vc_row type=&#8221;vc_default&#8221; margin_top=&#8221;0&#8243; margin_bottom=&#8221;-50&#8243; css=&#8221;.vc_custom_1491990393354{padding-top: 60px !important;padding-bottom: 20px !important;}&#8221;][vc_column width=&#8221;2\/3&#8243; offset=&#8221;vc_col-lg-6 vc_col-md-6 vc_col-xs-12&#8243; css=&#8221;.vc_custom_1491990396866{padding-bottom: 50px !important;}&#8221;][vc_column_text] Regi\u00e3o Sudeste (ES,MG,RJ,SP) Capitais: m\u00e9dia de 5 dias \u00fateis. Outras localidades: de 5 a 9 dias \u00fateis. Regi\u00e3o Sul (PR,SC,RS) Capitais: m\u00e9dia de 5 dias \u00fateis. Outras localidades: de 5 a 9 dias \u00fateis. Regi\u00e3o Centro-Oeste (DF,GO,MS,MT) Capitais: m\u00e9dia&hellip;<\/p>\n","protected":false},"author":1,"featured_media":0,"parent":0,"menu_order":970,"comment_status":"closed","ping_status":"closed","template":"","meta":{"footnotes":""},"_links":{"self":[{"href":"https:\/\/liriacutelaria.com.br\/index.php?rest_route=\/wp\/v2\/pages\/33277"}],"collection":[{"href":"https:\/\/liriacutelaria.com.br\/index.php?rest_route=\/wp\/v2\/pages"}],"about":[{"href":"https:\/\/liriacutelaria.com.br\/index.php?rest_route=\/wp\/v2\/types\/page"}],"author":[{"embeddable":true,"href":"https:\/\/liriacutelaria.com.br\/index.php?rest_route=\/wp\/v2\/users\/1"}],"replies":[{"embeddable":true,"href":"https:\/\/liriacutelaria.com.br\/index.php?rest_route=%2Fwp%2Fv2%2Fcomments&post=33277"}],"version-history":[{"count":6,"href":"https:\/\/liriacutelaria.com.br\/index.php?rest_route=\/wp\/v2\/pages\/33277\/revisions"}],"predecessor-version":[{"id":37270,"href":"https:\/\/liriacutelaria.com.br\/index.php?rest_route=\/wp\/v2\/pages\/33277\/revisions\/37270"}],"wp:attachment":[{"href":"https:\/\/liriacutelaria.com.br\/index.php?rest_route=%2Fwp%2Fv2%2Fmedia&parent=33277"}],"curies":[{"name":"wp","href":"https:\/\/api.w.org\/{rel}","templated":true}]}}